, 18 = -2*i - 2*t. Let p be ((-90696)/(-42) - 8/i) + 4. Let a = p + -1125. Is a a prime number?
True
Let w = 1445 + -1031. Suppose w*u - 416*u = -5786. Is u prime?
False
Suppose -2378315 = -123*m + 8*m. Is m a composite number?
False
Let z = 310729 + -136146. Is z a prime number?
True
Let w(j) = 57 + 26*j**2 - 9*j**2 + 3*j - 60. Is w(2) a prime number?
True
Let f(y) = -735*y - 119. Let n(v) = 183*v + 29. Let k(p) = -2*f(p) - 9*n(p). Suppose -4*h - 5*g - 19 = 0, 0 = 3*h - h - 2*g + 14. Is k(h) prime?
True
Let w be 13432 + 11/(66/(-12)). Suppose 3*o - 12313 = w. Is o composite?
False
Suppose -3*f - 10 = 2*g, -24*f - 8 = -21*f + g. Let w(t) = -3414*t - 49. Is w(f) composite?
False
Let s(q) = -309*q - 64. Let n be s(-9). Suppose -6*v + n = 4*l - v, 0 = -4*v + 20. Is l composite?
False
Suppose 10*s - 15*s = 75. Let h = s - -71. Let c = 351 + h. Is c a prime number?
False
Suppose 3*b - 255555 = -5*n + b, -6*b = 2*n - 102248. Is n prime?
True
Let o(l) be the third derivative of -l**5/60 - l**4/12 + 5*l**3/3 - 2*l**2. Let h be o(-7). Is 45981/12 - h/20 a prime number?
True
Let y(m) = m**3 - 4*m**2 + 5*m - 5. Suppose 4*u = -3*b + 15, -4*u + 8 = -0*u - 4*b. Let i be y(u). Is (i - -120) + 1 + -3 a composite number?
True
Suppose 0 = -4*u + 8*u - 32. Suppose 16 = -4*t + 4*z, 22 = -3*t + 5*z + u. Is ((-26)/(-2))/(t/(-669) + 0) a prime number?
False
Let c = 191 + -186. Suppose 0*z + 1003 = 3*z + 2*f, -2*f - 1645 = -c*z. Is z prime?
True
Let f(t) = 953*t**3 - 5*t**2 - 59*t + 14. Is f(9) composite?
True
Let p = -39698 - -182355. Is p a prime number?
True
Let q(b) = 3*b**3 + 29*b**2 - 338*b - 29. Is q(24) composite?
True
Suppose 2*l - 630113 = -5*a, 0 = 12*l - 15*l + 2*a + 945179. Is l a composite number?
False
Is 173659/7 - 15 - (-6)/(-14) composite?
False
Let y be ((-15)/(450/(-20)))/(4/(-6)). Is y - (-4 + -5038 + 2) prime?
True
Let z(h) = -40*h**3 - 7*h**2 - 12*h + 44. Is z(-9) a prime number?
False
Let x(b) = -b**3 - 2*b**2 + 31*b - 85. Is x(-31) a composite number?
True
Is ((-4)/8)/(2/(-24)) + 2646749/31 prime?
False
Suppose 0 = -12*n + 44 - 44. Suppose s = -3*o - n*s + 7072, -5 = -5*s. Is o prime?
True
Let v(p) = -p**3 + 5*p**2 + 16*p - 1. Suppose z + 22 = 2*o - o, -2*o + 64 = 2*z. Let i = 34 - o. Is v(i) a prime number?
True
Let w(k) = 343*k**2 + 17*k - 7. Is w(6) a composite number?
True
Let i(l) be the second derivative of -685*l**3/6 - 3*l**2/2 - 40*l + 2. Suppose -4 = -5*d + 6, 4*a + 6 = -d. Is i(a) a prime number?
True
Is 10 + 437251/9 + 24/(-54) a composite number?
False
Suppose 0 = 2*i + r + 10590, i - 7*r + 9*r + 5301 = 0. Let k = 14486 + i. Is k a prime number?
False
Let a = 358 + -361. Is -4*(4/a + (-24161)/12) a composite number?
False
Suppose -346*l + 7446 = -295*l. Is l prime?
False
Suppose -4*l - 24 = 0, -6*l - 981459 = -3*r - 11*l. Is r composite?
False
Let m = 32 + -27. Suppose 3 = -m*p + 5*z + 8, -4*p + 8 = -3*z. Suppose -p*a + 6490 = 815. Is a composite?
True
Let c(b) = 2 - 5*b + b**2 + 2 - 3*b + 1. Let r be c(7). Is 1 + r - (0 + -36) prime?
False
Let w be 176/11*((-6)/4 + 2). Suppose w*h - 14 = h. Suppose 2*q = -h*q + 436. Is q a prime number?
True
Let l be ((-54)/(-12))/(2/20). Let r = 47 - l. Suppose -r*n - 644 = -6*n. Is n a prime number?
False
Is (-4189352)/(-14) - (1 + 1 + (-880)/560) prime?
True
Is -71612*1/(-12 + 10) a composite number?
True
Let y be 95/(-57) - 178/(-6). Suppose 38670 = 34*i - y*i. Is i a prime number?
False
Suppose 4*s - 346131 = -5*b, 2*s - 432673 = -3*s + 3*b. Suppose 19*g - 47625 = s. Is g prime?
False
Suppose 3*x - 4*a = 14, -a - 3*a - 24 = 2*x. Is (29/x)/(1/58*-1) composite?
True
Suppose -5*z + 0*z - 8*q = -341449, 5*q - 136576 = -2*z. Is z a prime number?
False
Is (-1)/(3/(-7)*-7)*-6 - -276607 a prime number?
False
Let n(f) = -f**3 - 2*f**2 - 926289. Let y be n(0). Is -3*(-2)/51 + y/(-493) composite?
False
Suppose y + 2*y - 162 = 0. Let m = 44 - y. Is (-1958)/(-4) + (-15)/m a composite number?
False
Suppose 4*w = -2*j + 154160, 4*w - 4*j - 154142 = -9*j. Is w a prime number?
True
Let n(f) = -1354*f - 1577. Is n(-22) a composite number?
False
Suppose 61253*f - 61275*f + 14252854 = 0. Is f a prime number?
False
Let a = 1098 - -1882. Let b = a - 1581. Is b composite?
False
Let d(a) = 66*a**2 + 115*a**2 - 39*a**2 - 1 + 36*a**2. Suppose 0 = -10*z + 9 - 19. Is d(z) composite?
True
Let p = 2408 - 1542. Let q = -1567 + p. Let z = q + 1454. Is z prime?
False
Suppose -5*z + 85 + 65 = 0. Suppose 36*p + 57786 = z*p. Let x = 19164 + p. Is x prime?
True
Let c be (-7368)/(-3)*(-2)/4. Let i be 2/(-25) - (-134481)/75. Let a = c + i. Is a a prime number?
False
Let m = 44858 - 29919. Is m a composite number?
False
Suppose -5*s - s = -3300. Let d = s + -242. Let c = d - 199. Is c composite?
False
Suppose 9*u + 24 = -30. Let b be (-3)/((-2)/u*3). Is b/(-4) + (-2642)/32*-4 a composite number?
False
Let u(p) = 18 - 2 + 43*p**2 - 2*p**2 - 5 - 12. Suppose -2*d - 1 = j - d, 0 = 4*j + 2*d - 2. Is u(j) a composite number?
False
Is 2/(7/(-22 + 85) - (-1922254)/(-17300610)) prime?
False
Suppose 0 = -3*i + i, 0 = -3*d - 5*i - 12. Is 10/d - 419685/(-70) composite?
True
Let q be (-9 - (-10)/5) + 7. Suppose 2*c + 4*g - 5828 - 2398 = q, -5*g = 4*c - 16449. Is c composite?
False
Is (52/(-12) + 4)/((-46911876)/46911870 - -1) a prime number?
False
Let y(n) = 534*n - 7. Suppose -p - 3*p = 4*s - 12, -2*p = -5*s + 22. Is y(s) composite?
False
Suppose 5*g - 8*g + 2*v + 441025 = 0, 588024 = 4*g - 5*v. Is g a composite number?
False
Let z(f) = f**3 - 10*f**2 + 20*f - 11. Let j be z(8). Let u(h) = 24*h - 167. Is u(j) a prime number?
True
Suppose 0 = -220*k + 225*k + 15040. Let y = 945 - k. Is y a composite number?
True
Let n = 2723 - -1388. Is n a composite number?
False
Let n be 6/(-18)*1 + 237/9. Suppose 18431 = n*z - 19*z. Is z composite?
False
Suppose -o = -2*d + 12463, 3*d + 3*o = -11769 + 30441. Suppose -d = 4*n - 62009. Is n a prime number?
False
Let j = -14733 + 78756. Is j a composite number?
True
Let y(d) = 4*d**3 - 6*d**2 - 7*d - 12. Let q be y(6). Let i = q + 520. Is i composite?
True
Let f be (0 + 3)/(1 + 2/(-8)). Is 1*(-4 - -1561) + f composite?
True
Let h = 190585 + 18246. Is h prime?
False
Suppose 0 = 4*s + x - 15, 3*x = -x + 12. Suppose 0 = -2*i - t + 4527, -4*t = -s*i - 3*t + 6793. Is (1 + i/(-12))/((-2)/6) composite?
False
Let a be 1/(-7) - 84660/(-210). Suppose -r - r - 638 = 3*j, -2*r = 2. Let c = j + a. Is c composite?
False
Let o = -11690 - -66399. Is o prime?
True
Let k(x) = -30*x**2 + 2*x. Let a be k(-5). Let f = -38 - a. Is (f/3)/(12/18) composite?
True
Let s be (1810/6)/(-5) + 4/12. Let w be (-6)/5*s/(-24). Is (-2)/w*-3 + 519 a composite number?
True
Is (-4 - 51693834/(-92))/(1/2) prime?
False
Let j be (31641/9)/(4/24 + 0). Let c = 5803 + j. Is c a prime number?
False
Suppose -50*j + 225324 = -8*j + 15450. Is j a prime number?
False
Let q be (-220)/(-30) + 2/3 - 3. Suppose q*t - 45199 = -3*l, -2*t = -7*t - 20. Is l prime?
True
Suppose 5 = -22*w + 27*w, 0 = -2*f - 3*w + 436261. Is f a composite number?
True
Let r(w) = 3*w**2 + 31*w - 10. Let d be r(7). Suppose 0 = 2*i + 6, i + d = 5*q - 2*i. Is q prime?
False
Suppose 407*s - 570193138 = -435*s. Is s composite?
True
Let o = 76 + -76. Suppose 3*y + 9 = o, 5*r - 6*y + 15 = -y. Is (-12)/r - (3 + -1250) prime?
True
Is ((-7)/(-42))/((-11)/33) + 167075/2 a prime number?
True
Suppose 12*h - 17*h = -157418 - 1917. Is h prime?
False
Let a be (238/4)/((-2)/(-252)). Suppose 9*x - 11*x + 2 = 0, 5*z + 2*x = a. Is z a prime number?
True
Let i = -195 - -198. Suppose 9*y - 10797 = 4*y + 2*x, 0 = -3*x - i. Is y composite?
True
Suppose 7 = 5*h + 12, -4*l - 5*h = -199. Suppose -l*c - 10946 = -520844. Is c a composite number?
True
Let m be (-8)/4*-4 - (-1 - -1). Suppose v = -m*v + 5373. Let x = 1076 - v. Is x a composite number?
False
Let l(t) be the first derivative of 35*t**2 - 249*t - 66. Is l(20) composite?
False
Suppose -13*t + 8*t + 3385 = 0. Suppose -i + a + t = 0, 0 = 2*i - 0*i + 2*a - 1362. Suppose 0*n + i = n + 2*v, 2*v = 3*n - 1997. Is n a prime number?
False
Let o(x) = x**3 - 6*x**2 - 2*x + 13. Let p be o(10). Let w = 2396 - p. Suppose -3*s + 5*v = -1742 + 241, 4*s - 5*v = w. Is s prime?
False
Let o(c) = 111*c - 118. Let f be o(-3). Let l = 1720 - f. Is l composite?
True
Suppos